e r(t).
-6
Let d(c) = -2*c**3 - 5*c**2 - 8*c - 4. Let k(b) = b**3 + 6*b + 5. Let f(y) = -d(y) - k(y). Suppose 4*p - 3*p = -3. Give f(p).
11
Let i(f) be the second derivative of -f**5/120 + f**4/4 + 21*f**3 + f - 105. Let k(y) be the second derivative of i(y). What is k(-6)?
12
Let k(t) = 181*t - 420*t + 196*t + 0 - 9. Determine k(-1).
34
Let i(q) be the first derivative of 3*q**3 + 2*q**2 - 4*q + 1762. What is i(3)?
89
Let q(p) = -4*p - 5. Let z be q(-8). Let u = z - 79. Let i = u - -45. Let f(x) = x - 3. Determine f(i).
-10
Let p be 168/16*2/(-3). Suppose 0 = -2*o + 16 - 12. Let u(c) = 8 + 7*c - 18 + 2 + c**3 + 8*c**o. What is u(p)?
-8
Let c(d) = -d**2 + 7*d + 6. Let v be c(7). Suppose 4 = -s, v*t + s = 3*t + 2. Let m(p) = 0*p**2 + 4 - 3 + 3*p**t - 2. Determine m(2).
11
Let j(v) = 2*v**2 + 9*v + 3. Suppose 0 = 19*h - 284 + 227. Determine j(h).
48
Suppose 45 = 5*g - 5*x, -3*g = 3*x + 76 - 115. Let l(o) = 7*o - 10. Calculate l(g).
67
Let r(b) = -17*b**2 - 17*b - 79. Let m(j) = -27*j**2 - 29*j - 118. Let a(d) = 5*m(d) - 8*r(d). Calculate a(9).
42
Let m(y) = -326*y + 4239. Let t be m(13). Let g(r) = 37*r - 2. What is g(t)?
35
Let l(w) = -w**3 + w + 1. Let q(z) = 4*z - 2*z - 4 - 5*z - 5*z**3. Let i(t) = 4*l(t) + q(t). Let h be (135/(-54))/((-5)/2). What is i(h)?
-8
Let k(n) = 17*n + 1. Let w(h) = 10*h + 1. Let z(t) = -3*k(t) + 5*w(t). Determine z(-9).
11
Let f(y) = -y**2 + 15*y - 21. Let n(w) = 5*w**3 - 9*w**2 + 12*w - 15. Let o be n(2). Determine f(o).
5
Let x be (-52)/(-16) - (-12)/16. Suppose -4*q - x = 9*j - 6*j, q + 2*j = -6. Let p(a) = -a + 2. Give p(q).
0
Let q(n) = n**3 + 23*n**2 + 9*n + 12. Let z(d) = -4*d**3 - 96*d**2 - 36*d - 49. Let x(o) = 17*q(o) + 4*z(o). Give x(-4).
20
Suppose -64 - 50 = -19*i. Let u(o) = 0*o**2 + 103 - 103 - i*o - o**2. Determine u(-3).
9
Let i(u) = -u**3 - 4*u**2 - 5*u - 2. Let y be i(-3). Let g(o) = -y + 0 - 152*o - o**2 + 146*o. Let n = 5 + -9. Determine g(n).
4
Let h(r) = -16*r - 43*r - 3 - 1 - 9 + 55*r. What is h(-8)?
19
Suppose -2*g = 3*s + 2*g - 142, -3*s - g = -130. Let q = s + -34. Let p(n) = n - 5 - 5 + 0*n. Determine p(q).
-2
Let b be (-26 + (-204)/(-8))*(15 - -3). Let x(g) = -3*g - 4. Let d be x(-3). Let j(n) = -9 + 3*n + d*n - 3*n**2 + 4*n**2. Determine j(b).
0
Let t(w) = -w - 1. Let i be t(-10). Suppose 0 = -7*k - 40 - i. Let c(g) = g**3 + 9*g**2 + 13*g - 5. Let p be c(k). Let z(v) = v**3 - 2*v**2 - 2. What is z(p)?
-2
Let j(k) = -k**3 - 8*k**2 - 6*k + 9. Let n be (14/(-1))/(-2) - (5 - 2). Let l(f) = -5 + 8*f + 3 + 19 - n*f. Let o be l(-6). Determine j(o).
2
Let i(h) be the second derivative of -h**7/2520 + h**6/720 - h**5/60 + 175*h**4/6 + 64*h. Let t(r) be the third derivative of i(r). Calculate t(2).
-4
Let v(o) = 14*o - 6*o - o - 3 + 0 + 8*o - o**2. Let r = 19 + -6. Calculate v(r).
23
Suppose -22*h = 241 + 1. Let t(k) = k**3 + 11*k**2 + 3*k + 20. Determine t(h).
-13
Let m(k) = k**2 - 4. Let i(y) = y**2 + 16*y. Let j be i(-16). Let d = 97 - 93. Suppose j = -2*u - d*u. Determine m(u).
-4
Let s(x) be the third derivative of -7*x**4/8 - x**3 - 30*x**2. Let m be s(-1). Suppose -m*p + 70 = -22*p. Let l(o) = -o - 12. Calculate l(p).
-2
Let y(s) be the second derivative of -2*s**4/3 + s**3/2 - s**2 - s + 338. Suppose -4*h - 11 = -19. What is y(h)?
-28
Let d be 4 + 0 - ((10 - 6) + -3). Let x be ((-10)/d)/(-5 + (-39)/(-9)). Let t(p) = -2*p + 1. What is t(x)?
-9
Let c(n) = 459*n - 1700*n + 1226*n. Give c(-1).
15
Let l(q) = -2*q**2 - 6*q - 6. Suppose 2*c - 3 = 3. Suppose 2*u - 155 = -c*u. Suppose 0 = -4*j + 5*i - u, 4*j + 1 = -0*j - 5*i. Determine l(j).
-14
Let i(g) = -21*g**2 - 273*g + 5. Let b be i(-13). Let x(h) = -h**3 + 4*h**2 + 4*h + 8. Determine x(b).
3
Let f be (1/(-45)*-35)/((-3)/27). Let s(m) be the second derivative of m**4/6 + 5*m**3/2 - m**2/2 + m. Give s(f).
-8
Let f(c) = 16*c - 5. Let o(l) = l + 1. Let j(d) = f(d) + 6*o(d). Let y = -23530 + 23531. What is j(y)?
23
Let x(i) be the first derivative of i**3/3 - i**2/2 - 6*i + 56. Give x(0).
-6
Let w(f) = -f - 4. Let p be w(-14). Let d(o) = -8*o - 42. Let h(g) = -13*g - 63. Let b(t) = 8*d(t) - 5*h(t). Calculate b(p).
-11
Let n(u) = -2*u + 14. Let c(k) = -1. Let r(o) = -4*c(o) + n(o). Let l(h) = -3*h + 27. Suppose -9*v + 36 + 9 = 0. Let q(b) = v*l(b) - 8*r(b). Determine q(6).
-3
Suppose -5*a + 2*v + 39 = 0, a = 3*a + 2*v - 10. Suppose p - 3 = -a. Let m be p/(-2 + 4 + 0). Let q(o) = -o**3 - 3*o**2 + 2. Give q(m).
-2
Let l(c) = 8*c**3. Suppose 10*a - 4 = 6*a. Suppose x + 23 + a = 0. Let i be (6/x)/((-2)/8). Calculate l(i).
8
Let o(c) = 23*c - 8 + 6 + 14*c - 36*c - 6. Let i be 2 - (4/(-1))/4. Calculate o(i).
-5
Let g(h) be the first derivative of -6*h + 25 - 1/2*h**2. Suppose 3*s - 8*s + 5*d - 45 = 0, -2*d = 4*s + 12. Determine g(s).
-1
Let m(w) be the second derivative of -w**4/12 - 11*w**3/6 - 3*w**2/2 - 2*w - 926. Let t = 69 - 81. Determine m(t).
-15
Let k be 1/((2 - 5)/9*-3). Let y(c) = 2 - k + 2*c**2 + 6*c - c**2 - 5*c. Give y(-3).
7
Let o be (-4 + -8 + 5)*1. Let k = o + 12. Let f(g) = -g**3 + 6*g**2 - 6*g + 5. What is f(k)?
0
Let a = -525 - -549. Suppose -5*u + 49 - a = 0. Let k(f) = -f + 3. What is k(u)?
-2
Suppose -6*j + 62 - 56 = -60. Let z(k) = -k**3 + 11*k**2 - 2*k + 24. What is z(j)?
2
Let z(u) = -8*u**2 - 430*u + 257. Let y(w) = -6*w**2 - 328*w + 193. Let v(k) = -9*y(k) + 7*z(k). Determine v(-30).
2
Let m(b) = b**3 + 13*b**2 - 5*b - 12. Let c(f) = f**3 + 15*f**2 - 4*f - 13. Let u(s) = -4*c(s) + 5*m(s). Let g = -83 - -77. Determine u(g).
10
Let a(f) = 7*f. Suppose -276 = 106*q - 112*q. Suppose -56*x + 30 = -q*x. Determine a(x).
21
Let b(f) be the second derivative of -f**4/4 + 10*f**3/3 + 429*f + 2. Determine b(4).
32
Suppose -12*o + 9*o - m - 7 = 0, -o = m + 3. Let b(k) = 15*k + 1. Let i(z) = 23*z + 1. Suppose 4*s + 3 = 35. Let p(w) = s*b(w) - 5*i(w). Give p(o).
-7
Suppose -5*x - 120 = 3*x. Let t be (x/10)/(1 + (-3)/6). Let v(p) be the third derivative of p**6/120 + p**5/15 + p**4/24 + p**3/2 + 4*p**2. Give v(t).
9
Let j(s) be the first derivative of -4/3*s**3 + 30 + 0*s + s**2. Calculate j(2).
-12
Let z(a) = -8*a - 41. Let w(r) = -5*r - 41. Let h(g) = -4*w(g) + 3*z(g). Determine h(12).
-7
Let g(w) be the second derivative of 1/2*w**4 - w + 1/2*w**3 - 2*w**2 + 1/20*w**5 - 17. Determine g(-3).
14
Let d(g) = 4*g**3 - g**2 - 6*g + 3. Suppose -4*x - 21*l + 19*l + 22 = 0, 0 = 5*x - 4*l + 5. What is d(x)?
84
Let y(x) = x. Let f(a) = 5*a + 4. Let c(m) = -f(m) + 6*y(m). Let s(p) = -p**3 + 10*p**2 + 20*p - 294. Let t be s(7). Calculate c(t).
-11
Let v(j) = -j**3 + 16*j**2 - 54*j - 3. Let i be v(11). Let m(a) = a**3 - 7*a**2 - 2*a - 3. Calculate m(i).
45
Let i(d) = -2*d**2 - d. Let u be 1082/15 - 18/135. Let m = u - 70. Calculate i(m).
-10
Let x(w) = -342236*w + 16 - 7*w**2 + 8*w**2 + 342242*w. Determine x(0).
16
Let x(l) = 5*l - 13. Let p(k) = 2*k - 5. Let i(j) = 8*p(j) - 3*x(j). Let w(b) = -16*b + 6. Let a(c) = 5*i(c) + w(c). Determine a(-3).
34
Let f(x) = -9*x**2 + x. Let u(t) = t + 15. Let m be u(12). Let r = 32 - m. Suppose 20 = 5*w, -6*s - r*w = -s - 25. Calculate f(s).
-8
Let c(v) = v**2 - 10*v + 7. Let a(q) = 2*q - 7. Let d be (-1)/(-2)*248/(-4). Let i = -25 - d. Let s be a(i). Calculate c(s).
-18
Let u(i) be the third derivative of i**5/60 + 7*i**4/8 + i**3/6 - 3*i**2 + 264*i. What is u(-20)?
-19
Let a(j) = -6 - j + 14*j**2 - 9*j**2 - 8*j - 3 + 1. Determine a(-1).
6
Let r(g) be the second derivative of -g**4/12 - 2*g**3 + 5*g**2/2 - 2576*g. What is r(-12)?
5
Suppose -120 = -5*d - 2*m, -2*d + 18 = -4*m - 6. Let w = d - 1. Let x(o) = w*o + o + 18*o - 14*o. What is x(1)?
26
Suppose 165 + 845 = 5*c. Let j = 204 - c. Let p(z) = -3*z**2 - 3*z + 3. Calculate p(j).
-15
Let n(c) be the first derivative of c**4/2 + 3*c**3 + 11*c**2/2 - 3*c + 2488. Give n(-3).
-9
Let a(l) = 106644*l**2 - 3 - 106643*l**2 - 3*l - 6. Determine a(-6).
45
Let l = -11293 + 11287. Let r(o) = o**2 + 7*o - 11. Give r(l).
-17
Let g(c) be the first derivative of -3/2*c**2 - 6*c + 1. Give g(-5).
9
Let w(m) = -m - 3. Let r(y) = 2*y + 0*y + 2*y + 20 - 10 - 2*y. Let q(j) = -r(j) - 4*w(j). Determine q(-2).
-2
Let z(w) be the second derivative of w**3/3 - 7*w**2/2 - 5*w. Let m(j) = -9*j**2 - 3*j - 2. Let l be m(-3). Let c = l + 80. Determine z(c).
5
Let i(y) be the second derivat